{"version":"1.0","provider_name":"K\u00d6LLA \u2013 THE FRUIT COMPANY","provider_url":"https:\/\/koella.com\/de\/","author_name":"Julia Schmitz","author_url":"https:\/\/koella.com\/de\/author\/jschmitz\/","title":"Fr\u00fchlingsfrost: Erste Bilanzen der Steinobst Saison &#8211; K\u00d6LLA \u2013 THE FRUIT COMPANY","type":"rich","width":600,"height":338,"html":"<blockquote class=\"wp-embedded-content\" data-secret=\"nbFDS2hCUM\"><a href=\"https:\/\/koella.com\/de\/news\/fruehlingsfrost-erste-bilanzen-der-steinobst-saison\/\">Fr\u00fchlingsfrost: Erste Bilanzen der Steinobst Saison<\/a><\/blockquote><iframe sandbox=\"allow-scripts\" security=\"restricted\" src=\"https:\/\/koella.com\/de\/news\/fruehlingsfrost-erste-bilanzen-der-steinobst-saison\/embed\/#?secret=nbFDS2hCUM\" width=\"600\" height=\"338\" title=\"&#8222;Fr\u00fchlingsfrost: Erste Bilanzen der Steinobst Saison&#8220; &#8211; K\u00d6LLA \u2013 THE FRUIT COMPANY\" data-secret=\"nbFDS2hCUM\" frameborder=\"0\" marginwidth=\"0\" marginheight=\"0\" scrolling=\"no\" class=\"wp-embedded-content\"><\/iframe><script type=\"text\/javascript\">\n\/* <![CDATA[ *\/\n\/*! This file is auto-generated *\/\n!function(d,l){\"use strict\";l.querySelector&&d.addEventListener&&\"undefined\"!=typeof URL&&(d.wp=d.wp||{},d.wp.receiveEmbedMessage||(d.wp.receiveEmbedMessage=function(e){var t=e.data;if((t||t.secret||t.message||t.value)&&!\/[^a-zA-Z0-9]\/.test(t.secret)){for(var s,r,n,a=l.querySelectorAll('iframe[data-secret=\"'+t.secret+'\"]'),o=l.querySelectorAll('blockquote[data-secret=\"'+t.secret+'\"]'),c=new RegExp(\"^https?:$\",\"i\"),i=0;i<o.length;i++)o[i].style.display=\"none\";for(i=0;i<a.length;i++)s=a[i],e.source===s.contentWindow&&(s.removeAttribute(\"style\"),\"height\"===t.message?(1e3<(r=parseInt(t.value,10))?r=1e3:~~r<200&&(r=200),s.height=r):\"link\"===t.message&&(r=new URL(s.getAttribute(\"src\")),n=new URL(t.value),c.test(n.protocol))&&n.host===r.host&&l.activeElement===s&&(d.top.location.href=t.value))}},d.addEventListener(\"message\",d.wp.receiveEmbedMessage,!1),l.addEventListener(\"DOMContentLoaded\",function(){for(var e,t,s=l.querySelectorAll(\"iframe.wp-embedded-content\"),r=0;r<s.length;r++)(t=(e=s[r]).getAttribute(\"data-secret\"))||(t=Math.random().toString(36).substring(2,12),e.src+=\"#?secret=\"+t,e.setAttribute(\"data-secret\",t)),e.contentWindow.postMessage({message:\"ready\",secret:t},\"*\")},!1)))}(window,document);\n\/\/# sourceURL=https:\/\/koella.com\/wp-includes\/js\/wp-embed.min.js\n\/* ]]> *\/\n<\/script>\n","thumbnail_url":"https:\/\/koella.com\/wp-content\/uploads\/2022\/04\/PHOTO-2019-02-20-17-35-34.jpg","thumbnail_width":1600,"thumbnail_height":1200,"description":"Spanien Wir erwarten im S\u00fcden des Landes eine stabile Steinobst Saison hinsichtlich der Qualit\u00e4ten und Verf\u00fcgbarkeiten. Im Norden Spaniens hat sich die Erntesituation jedoch durch Wetterkapriolen am vergangenen Wochenende verschlechtert.\u00a0 In der Region Huelva starten ..."}

KÖLLA – THE FRUIT COMPANY

Frühlingsfrost: Erste Bilanzen der Steinobst Saison &#8211; KÖLLA – THE FRUIT COMPANY

<blockquote class="wp-embedded-content" data-secret="nbFDS2hCUM"><a href="https://koella.com/de/news/fruehlingsfrost-erste-bilanzen-der-steinobst-saison/">Frühlingsfrost: Erste Bilanzen der Steinobst Saison</a></blockquote><iframe sandbox="allow-scripts" security="restricted" src="https://koella.com/de/news/fruehlingsfrost-erste-bilanzen-der-steinobst-saison/embed/#?secret=nbFDS2hCUM" width="600" height="338" title="&#8222;Frühlingsfrost: Erste Bilanzen der Steinobst Saison&#8220; &#8211; KÖLLA – THE FRUIT COMPANY" data-secret="nbFDS2hCUM" frameborder="0" marginwidth="0" marginheight="0" scrolling="no" class="wp-embedded-content"></iframe><script type="text/javascript">
/* <![CDATA[ */
/*! This file is auto-generated */
!function(d,l){"use strict";l.querySelector&&d.addEventListener&&"undefined"!=typeof URL&&(d.wp=d.wp||{},d.wp.receiveEmbedMessage||(d.wp.receiveEmbedMessage=function(e){var t=e.data;if((t||t.secret||t.message||t.value)&&!/[^a-zA-Z0-9]/.test(t.secret)){for(var s,r,n,a=l.querySelectorAll('iframe[data-secret="'+t.secret+'"]'),o=l.querySelectorAll('blockquote[data-secret="'+t.secret+'"]'),c=new RegExp("^https?:$","i"),i=0;i<o.length;i++)o[i].style.display="none";for(i=0;i<a.length;i++)s=a[i],e.source===s.contentWindow&&(s.removeAttribute("style"),"height"===t.message?(1e3<(r=parseInt(t.value,10))?r=1e3:~~r<200&&(r=200),s.height=r):"link"===t.message&&(r=new URL(s.getAttribute("src")),n=new URL(t.value),c.test(n.protocol))&&n.host===r.host&&l.activeElement===s&&(d.top.location.href=t.value))}},d.addEventListener("message",d.wp.receiveEmbedMessage,!1),l.addEventListener("DOMContentLoaded",function(){for(var e,t,s=l.querySelectorAll("iframe.wp-embedded-content"),r=0;r<s.length;r++)(t=(e=s[r]).getAttribute("data-secret"))||(t=Math.random().toString(36).substring(2,12),e.src+="#?secret="+t,e.setAttribute("data-secret",t)),e.contentWindow.postMessage({message:"ready",secret:t},"*")},!1)))}(window,document);
//# sourceURL=https://koella.com/wp-includes/js/wp-embed.min.js
/* ]]> */
</script>

Spanien Wir erwarten im Süden des Landes eine stabile Steinobst Saison hinsichtlich der Qualitäten und Verfügbarkeiten. Im Norden Spaniens hat sich die Erntesituation jedoch durch Wetterkapriolen am vergangenen Wochenende verschlechtert.  In der Region Huelva starten ...
